Suppose 6*s - i = 61. Let o = s - -37. Is o a prime number?
False
Suppose 4*d - x = 27, d - 5*x - 1 = 1. Let s be (d - 5)/(1/(-847)). Let i = s - -2385. Is i composite?
False
Let b = -2609175 - -3826568. Is b prime?
True
Let z(h) = -157866*h**3 + 5*h**2 - 44*h - 48. Is z(-1) a prime number?
True
Is -17133*9/54*(5 - 39) composite?
True
Suppose 8*y - 2032 = -61872. Let l = -2192 - y. Suppose -2204 = 6*z - l. Is z a composite number?
True
Suppose -2 = -3*k + 3*v + 4, -2*v - 7 = -5*k. Let n(d) = 4243*d - 2. Is n(k) a composite number?
False
Let w = -11632 + 27156. Let s = w + -9345. Is s a composite number?
True
Suppose -56 = -33*l + 43. Suppose -8*q - l*z - 1277 = -9*q, -q + z = -1281. Is q a prime number?
True
Suppose 0*i + 3 = i + 2*o, -2*o - 22 = -4*i. Is 2*i/15 - (-4655)/15 prime?
True
Suppose 2*j = -5*b - 22, 0*j - 7 = 2*b - j. Is b/1*434/(-56) composite?
False
Let z(b) = b**2 - 19*b + 5. Let u be z(18). Let t = u + 94. Let v = t + 170. Is v a prime number?
True
Let y(u) = -29*u + 27. Let r(q) = q**2 - 6*q - 44. Let s be r(10). Is y(s) a composite number?
True
Suppose 15 = 7*p - 27. Is -2*((-1274)/4 - p) composite?
True
Let t(r) be the third derivative of -r**6/120 + r**5/10 - r**4/3 - 2*r**3/3 - 7*r**2. Let c be t(4). Is (-4)/(-12) - (1096/6)/c a prime number?
False
Let b(k) = -4*k - 11. Let u(h) = 3*h + 10. Let l(w) = 4*b(w) + 5*u(w). Let s be l(6). Suppose 3*d + 2146 = 5*x - x, s = -4*x + 5*d + 2150. Is x a prime number?
False
Let t(b) be the second derivative of 19*b**4/12 + 5*b**3/6 + 3*b**2/2 - 9*b. Let q be ((-3)/2)/(1/2). Is t(q) composite?
True
Let h(z) = -z**3 + 2*z**2 + 3*z - 1. Let s be h(2). Let u be (-48)/(-8) + -3 + 0/(-1). Suppose 2*n + 4*q = 2010, -4*q = -s*q - u. Is n a composite number?
True
Suppose 5*m = -0*m + 10*m. Let c(g) = 11*g + 933. Is c(m) prime?
False
Suppose -508*s + 473*s = -8707475. Is s prime?
False
Suppose -21650487 = -120*b + 20345073. Is b composite?
False
Suppose 5*z - j + 0*j = 3708, 1476 = 2*z + 2*j. Suppose 7*r = 10*r - z. Let t = -173 + r. Is t composite?
True
Let y(f) be the second derivative of -367*f**5/20 + f**4/6 + f**3/6 + 3*f**2/2 + 2*f + 6. Let u be y(-2). Suppose -7*q + u - 600 = 0. Is q a composite number?
True
Let l be 695 + -2 + (-6 - -9). Suppose 8*m = 11*m - l. Suppose 2*q + m - 1638 = 0. Is q composite?
True
Let k(o) = 41*o**2 - 31*o + 421. Is k(57) a prime number?
False
Let o = -87 - -85. Is ((-16)/(-64))/(o/(-103432)) prime?
False
Let m(s) = 17*s**2 - 13*s + 29. Let f be m(3). Suppose -f = u - 2*u. Is u a composite number?
True
Is -13 + 34 + (59849 - -9) a prime number?
True
Let j(p) = 48951*p**2 - 58*p - 9. Is j(2) a composite number?
True
Suppose -2*l - 56 = -6*l. Suppose k = -3*f - l, 0*f - f - 2*k + 2 = 0. Let b = 171 - f. Is b prime?
False
Let c(v) be the third derivative of -19*v**6/40 - 23*v**5/60 + 5*v**4/24 - 3*v**3/2 + 2*v**2 + 38. Is c(-8) a prime number?
False
Let x(m) = 223*m**2 - 121*m + 937. Is x(7) a prime number?
False
Let p = 11894 + -3938. Suppose 12262 + p = 22*a. Is a a prime number?
True
Let d(u) = 311*u - 45. Let a be d(24). Let s = -5264 + a. Is s a composite number?
True
Suppose 4*g = -5*w + 42, 2*g + 2*w - 28 + 6 = 0. Suppose -g*q = 13*q - 152230. Is q prime?
False
Suppose 2256*z = 2257*z - y - 1059933, 4 = -2*y. Is z composite?
False
Let i be (-29 - -1)/((-8)/60*3). Suppose i*b - 67*b = 1131. Let l = b - 144. Is l composite?
False
Let y = 23 - 38. Is 299416/120 + 2/y prime?
False
Let t(m) = -3*m**2 + 26*m - 31. Let s be t(7). Suppose -23457 = -s*n + 5*g + 8146, 15782 = 2*n + 4*g. Is n prime?
False
Suppose -5*c + 140318 + 99247 = w, -239545 = -5*c - 5*w. Is c composite?
True
Let v = -6493 - 1463. Let m be v/(-10) + -2 - 6/(-15). Let h = 1237 - m. Is h prime?
True
Suppose -300 = -0*z - 6*z. Suppose -a + z = 4*a. Suppose -a*m + 8*m + 2110 = 0. Is m composite?
True
Is 4/18 - 125/(-45) - (-574924)/14 prime?
False
Suppose -3*r = -3*k + 6, -30*r - 3*k - 6 = -31*r. Let y(m) = -44*m**3 + 17*m**2 + 15*m + 3. Is y(r) a prime number?
False
Let i(k) = -7*k**3 + k**2 + 15*k + 28. Suppose -2*l + 14 = 32. Is i(l) a composite number?
False
Is (-3314650)/50*((-4)/(-8))/(2/(-4)) a composite number?
False
Let a = 43815 + -64745. Is 3/((-54)/a) - (-26)/117 prime?
True
Let f(t) = t**3 + 13*t**2 + 17*t - 40. Let h be f(-11). Suppose 47900 = h*i - 10705. Is i a prime number?
True
Let w = 193 + -239. Is w/1*(130/(-4) - 3) composite?
True
Suppose -3*m + 3*c - 120 = 0, -3*m - 5*c + 0*c = 120. Let g = m - -50. Is 270 - (-3)/(-6)*g composite?
True
Is 10172 + ((-1044)/204 - (-2)/17) a prime number?
False
Suppose 39386 = -14*f + 123638. Let w = f + 5561. Is w a composite number?
False
Let y be 1 + (-9)/(36/(-200)). Let l = 56 - y. Suppose l*n + 452 = 1747. Is n a prime number?
False
Let t be (0/(-11))/(4/(-4) + -2). Is ((-7)/(-4) + -2 - t)*-6388 a prime number?
True
Suppose z = b + 2*z + 8, -4*z = -b + 2. Is -1055*(b + 1 + 4) prime?
False
Let h(b) = -192*b**3 - 14*b + 3*b**2 - b**2 + 7 - 38 + 191*b**3. Is h(-8) a prime number?
False
Suppose 0 = 4*x - 4*o - 456116, 3*x - 357391 = -2*o - 15294. Is x prime?
True
Let k be 17 - (-3 + 3 - -5). Let d(v) = v**3 - 14*v**2 + 24*v - 4. Let j be d(k). Is (j/(-6))/((-52)/(-64818)) a prime number?
False
Let d = -18233 + 196300. Is d a prime number?
True
Is ((-15)/(360/16))/((-10)/1695795) prime?
False
Let k be ((-150)/45)/((8/6)/4). Let p be 0/(-2) - (-80)/k. Is (2070/p + -1)*4/(-1) a composite number?
False
Let p be (-14 - -15) + 1*3. Suppose -p*n - 1071 = -k, 0 - 1 = n. Is k a composite number?
True
Let s(v) = 8*v**2 + 0*v**2 + v**2 - 17 - 13*v. Suppose 3*m - 29 = -22*n + 18*n, 18 = 3*n + 3*m. Is s(n) composite?
False
Let j be (-2)/2*(-4)/(48/36). Let l be (3 - (0 + -1034)) + -3. Suppose -l = -j*i - 41. Is i composite?
False
Let m(s) = 4*s**3 + 5*s**2 + 11*s + 1. Suppose -y - 25 = -6*y. Is m(y) a composite number?
True
Let k(t) = -t**2 + 18*t + 27. Let j be k(19). Is j/6*29676/16 composite?
False
Let j(p) = 166*p + 69. Let n be ((-15 - -9) + 7)/(1/5). Is j(n) prime?
False
Suppose d + 19652 = i - 2*i, -i - 19640 = -2*d. Let p = 33297 + i. Is p a prime number?
True
Suppose -478787 = -25*h + 833988. Is h a prime number?
True
Suppose 4 - 4 = 5*f. Suppose 6*s - 74049 + 3675 = f. Is s a prime number?
False
Let g(o) = 3*o**2 - 22*o - 11. Let t be g(8). Suppose 2*h + 231 = t*h. Let l = h - 40. Is l a composite number?
False
Let s be ((-3)/6)/(8/(-48)) + 79929. Suppose -2*p - s = -14*p. Is p prime?
True
Let b = -246 - 50. Let o = b + 8797. Is o composite?
False
Suppose 0 = 3*o + 15, 6899 = x + 13*o - 9*o. Let a = 10980 + x. Is a a composite number?
True
Suppose -20 - 6 = -m. Suppose 4*o + 15 = -2*n + 49, 3*o = 3*n - 96. Suppose n*z = m*z + 191. Is z a composite number?
False
Suppose 10*s = 47*s - 4825577. Is s prime?
False
Suppose 3*z + 60*h - 23985 = 63*h, -2*h = -5*z + 39969. Is z prime?
True
Let o(v) = 7*v**2 - 14*v + 16. Suppose 4*r = 2*a - 4*a + 42, 3*r + 4*a - 29 = 0. Let l be o(r). Let g = l + -210. Is g a composite number?
False
Let b(q) = 11*q**2 + 29*q - 30. Let m be b(1). Let c(p) = 2 + 15 - 5*p + 4*p. Is c(m) a prime number?
True
Suppose f - 108918 = q, 3*q - 544581 = -5*f - q. Is f prime?
True
Suppose 21*s - 2089700 + 448403 = 0. Is s prime?
True
Let o(r) = 51*r**2 - 11*r - 8. Let s be o(6). Let y = -1073 + s. Is y a composite number?
True
Suppose -d + 3*b - 41 = -0*b, 58 = -2*d - 2*b. Is (-907)/1*(d/8 - -1) prime?
False
Let u be 0 - (-1)/((1 - 0)/1). Let n be 9 + 1 + u/1. Let f(t) = 8*t**2 + t - 21. Is f(n) composite?
True
Is 14472/(-144)*4804/(-6) prime?
False
Let m(x) be the first derivative of 77*x**2 - 37*x + 55. Is m(7) a composite number?
True
Let b be (-31 - 21/7) + 3/(-1). Let i(n) = n**3 + 44*n**2 + 35*n + 81. Is i(b) a composite number?
False
Let j = -73 + -1342. Let t = -1164 - -303. Let p = t - j. Is p composite?
True
Let k = 62 + 9. Suppose -s = -j - 0 - 9, 3*s = -4*j - k. Is ((-721)/j)/(2/20) prime?
False
Let c(l) = 207066*l + 5641. Is c(15) a composite number?
False
Let f(o) = -42*o**2 - 25*o - 21. Let j be f(9). Let h = j + 6511. Is h a composite number?
True
Let o(x) = -x + 27. Let u be o(24). Let b(k) = -2*k**3 + 5 + 53*k**2 - 107*k**2 - u - k + 50*k**2. Is b(-7) composite?
False
Let v(o) be the third derivative of -143*o*